{"id":118,"date":"2018-05-01T16:28:20","date_gmt":"2018-05-01T14:28:20","guid":{"rendered":"http:\/\/tirol-web.at\/?page_id=118"},"modified":"2018-05-01T18:42:21","modified_gmt":"2018-05-01T16:42:21","slug":"datenschutz","status":"publish","type":"page","link":"https:\/\/www.tirol-web.at\/?page_id=118","title":{"rendered":"Datenschutz"},"content":{"rendered":"<p align=\"center\"><b>Datenschutzerkl\u00e4rung<\/b><\/p>\n<p align=\"justify\"><span lang=\"de-AT\">Der Schutz Ihrer pers\u00f6nlichen Daten ist uns ein besonderes Anliegen. Wir verarbeiten Ihre Daten daher ausschlie\u00dflich auf Grundlage der gesetzlichen Bestimmungen (DSGVO, TKG 2003). In diesen Datenschutzinformationen informieren wir Sie \u00fcber die wichtigsten Aspekte der Datenverarbeitung.<\/span><\/p>\n<p><span lang=\"de-AT\"><b>Wer ist bei uns f\u00fcr die Datenverarbeitung verantwortlich?<br \/>\n<\/b><\/span><span lang=\"de-AT\">Josef Gilmozzi<br \/>\n<\/span><span lang=\"de-AT\">Saglstra\u00dfe 23<br \/>\n<\/span><span lang=\"de-AT\">6410-Telfs<br \/>\n<\/span><a href=\"mailto:office@tirol-web.at\"><span lang=\"de-AT\">office@tirol-web.at<br \/>\n<\/span><\/a><span lang=\"de-AT\">Tel. +436605512320<\/span><\/p>\n<p><span lang=\"de-AT\"><b>Welche Daten von Ihnen werden bei uns Verarbeitet?<br \/>\n<\/b><\/span><span lang=\"de-AT\">Wir verarbeiten nur die unbedingt n\u00f6tigen Personenbezogenen Daten die zur Aufrechterhaltung der Gesch\u00e4ftsbeziehung von N\u00f6ten sind.<br \/>\nZu den personenbezogenen Daten geh\u00f6ren:<br \/>\nName, Adresse, E-Mail, Tel. Nr., UID Nummer.<br \/>\nDabei fallen auch Daten aus der laufenden Gesch\u00e4ftsbeziehung an. (Angebote, Rechnungen)<\/span><\/p>\n<p><span lang=\"de-AT\"><b>F\u00fcr wie lange werden Ihre Daten bei uns gespeichert?<br \/>\n<\/b><\/span><span lang=\"de-AT\">F\u00fcr die gesamte Dauer der Gesch\u00e4ftsbeziehung sowie dar\u00fcber hinaus gem\u00e4\u00df der gesetzlichen Aufbewahrungspflicht. Sie haben jederzeit das Recht, das L\u00f6schen Ihrer gespeicherten Daten zu beantragen sofern es nicht in Widerspruch mit der gesetzlichen Aufbewahrungspflicht steht.<\/span><\/p>\n<p><a name=\"_GoBack\"><\/a> <span lang=\"de-AT\"><b>Cookies (Allgemein)<br \/>\n<\/b><\/span><span lang=\"de-AT\">Webseiten verwenden meistens so genannte Cookies. Dabei handelt es sich um kleine Textdateien, die mit Hilfe des Browsers auf Ihrem Endger\u00e4t abgelegt werden. Sie dienen dazu, Informationen zwischen zu speichern. Z.B. der Warenkorb bei einem Shop.<\/span><\/p>\n<p><span lang=\"de-AT\">Wenn Sie dies nicht w\u00fcnschen, so k\u00f6nnen Sie Ihren Browser so einrichten, dass er Sie \u00fcber das Setzen von Cookies informiert und Sie dies nur im Einzelfall erlauben. <\/span><\/p>\n<p><span lang=\"de-AT\">Bei der Deaktivierung von Cookies kann die Funktionalit\u00e4t der Website eingeschr\u00e4nkt sein.<\/span><\/p>\n<p><span lang=\"en-US\"><b>Unsere Cloud und Web-Hostingdienste (Access-Provider)<br \/>\n<\/b><\/span>In unserer Rolle als reiner Access-Provider liegt hier kein Fall der Auftragsverarbeitung vor.<br \/>\n<b><\/b><\/p>\n<p><strong>Wo befinden sich unsere Server und Ihre Daten?<\/strong><br \/>\nAlle Server zur Erf\u00fcllung unserer Onlinedienste befinden sich innerhalb der EU.<br \/>\nZurzeit in \u00d6sterreich und Deutschland (Backup)<\/p>\n<p><span lang=\"de-AT\"><b>Ihre Rechte<br \/>\n<\/b><\/span><span lang=\"de-AT\">Ihnen stehen grunds\u00e4tzlich die Rechte auf <\/span>Auskunft, Berichtigung, L\u00f6schung, Einschr\u00e4nkung, Daten\u00fcbertragbarkeit, Widerruf und Widerspruch zu. Wenn Sie glauben, dass die Verarbeitung Ihrer Daten gegen das Datenschutzrecht verst\u00f6\u00dft oder Ihre datenschutzrechtlichen Anspr\u00fcche sonst in einer Weise verletzt worden sind, k\u00f6nnen Sie sich bei der Aufsichtsbeh\u00f6rde beschweren. In \u00d6sterreich ist dies die Datenschutzbeh\u00f6rde.<\/p>\n","protected":false},"excerpt":{"rendered":"<p>Datenschutzerkl\u00e4rung Der Schutz Ihrer pers\u00f6nlichen Daten ist uns ein besonderes Anliegen. Wir verarbeiten Ihre Daten daher ausschlie\u00dflich auf Grundlage der gesetzlichen Bestimmungen (DSGVO, TKG 2003). In diesen Datenschutzinformationen informieren wir Sie \u00fcber die wichtigsten Aspekte der Datenverarbeitung. Wer ist bei uns f\u00fcr die Datenverarbeitung verantwortlich? Josef Gilmozzi Saglstra\u00dfe 23 6410-Telfs office@tirol-web.at Tel. +436605512320 Welche Daten &hellip; <\/p>\n<p class=\"link-more\"><a href=\"https:\/\/www.tirol-web.at\/?page_id=118\" class=\"more-link\"><span class=\"screen-reader-text\">\u201eDatenschutz\u201c<\/span> weiterlesen<\/a><\/p>\n","protected":false},"author":1,"featured_media":0,"parent":0,"menu_order":0,"comment_status":"closed","ping_status":"closed","template":"","meta":[],"_links":{"self":[{"href":"https:\/\/www.tirol-web.at\/index.php?rest_route=\/wp\/v2\/pages\/118"}],"collection":[{"href":"https:\/\/www.tirol-web.at\/index.php?rest_route=\/wp\/v2\/pages"}],"about":[{"href":"https:\/\/www.tirol-web.at\/index.php?rest_route=\/wp\/v2\/types\/page"}],"author":[{"embeddable":true,"href":"https:\/\/www.tirol-web.at\/index.php?rest_route=\/wp\/v2\/users\/1"}],"replies":[{"embeddable":true,"href":"https:\/\/www.tirol-web.at\/index.php?rest_route=%2Fwp%2Fv2%2Fcomments&post=118"}],"version-history":[{"count":6,"href":"https:\/\/www.tirol-web.at\/index.php?rest_route=\/wp\/v2\/pages\/118\/revisions"}],"predecessor-version":[{"id":126,"href":"https:\/\/www.tirol-web.at\/index.php?rest_route=\/wp\/v2\/pages\/118\/revisions\/126"}],"wp:attachment":[{"href":"https:\/\/www.tirol-web.at\/index.php?rest_route=%2Fwp%2Fv2%2Fmedia&parent=118"}],"curies":[{"name":"wp","href":"https:\/\/api.w.org\/{rel}","templated":true}]}}